{"id":22,"date":"2018-09-01T18:11:49","date_gmt":"2018-09-01T16:11:49","guid":{"rendered":"https:\/\/studiolaberlue.com\/?page_id=22"},"modified":"2025-11-20T10:08:21","modified_gmt":"2025-11-20T09:08:21","slug":"references","status":"publish","type":"page","link":"https:\/\/studiolaberlue.com\/index.php\/references\/","title":{"rendered":"REFERENCES"},"content":{"rendered":"\n<p>Nelson B. le  Bronx (Folk, Blues de Montreuil)<br>Album \u00ab\u00a0Bad Mojo\u00a0\u00bb disponible<\/p>\n\n\n\n<figure class=\"wp-block-embed is-type-video is-provider-youtube wp-block-embed-youtube wp-embed-aspect-16-9 wp-has-aspect-ratio\"><div class=\"wp-block-embed__wrapper\">\n<iframe loading=\"lazy\" title=\"Broke as a joke - Nelson B. le Bronx\" width=\"525\" height=\"295\" src=\"https:\/\/www.youtube.com\/embed\/TKhMRlbTbwY?feature=oembed\" frameborder=\"0\" allow=\"accelerometer; autoplay; clipboard-write; encrypted-media; gyroscope; picture-in-picture; web-share\" referrerpolicy=\"strict-origin-when-cross-origin\" allowfullscreen><\/iframe>\n<\/div><\/figure>\n\n\n\n<p>St\u00e9phane Deraddi (Chanson)<br>Album \u00ab\u00a0Toujours \u00e0 Gauche\u00a0\u00bb disponible.<\/p>\n\n\n\n<figure class=\"wp-block-embed is-type-video is-provider-youtube wp-block-embed-youtube wp-embed-aspect-4-3 wp-has-aspect-ratio\"><div class=\"wp-block-embed__wrapper\">\n<iframe loading=\"lazy\" title=\"Scate ! (feat. Sanseverino, NOUR)\" width=\"525\" height=\"394\" src=\"https:\/\/www.youtube.com\/embed\/DMH6I2a4oDM?list=OLAK5uy_lcNz46cnxN4dY1ic2K04iHhOFpNkium1o\" frameborder=\"0\" allow=\"accelerometer; autoplay; clipboard-write; encrypted-media; gyroscope; picture-in-picture; web-share\" referrerpolicy=\"strict-origin-when-cross-origin\" allowfullscreen><\/iframe>\n<\/div><\/figure>\n\n\n\n<p>Ensemble Dod\u00e9Ka (musique classique )<br>Enregistrement studio et Live:<\/p>\n\n\n\n<figure class=\"wp-block-embed is-type-video is-provider-youtube wp-block-embed-youtube wp-embed-aspect-16-9 wp-has-aspect-ratio\"><div class=\"wp-block-embed__wrapper\">\n<iframe loading=\"lazy\" title=\"&quot;Je voulais te dire&quot;\" width=\"525\" height=\"295\" src=\"https:\/\/www.youtube.com\/embed\/HJKuJvoJycE?feature=oembed\" frameborder=\"0\" allow=\"accelerometer; autoplay; clipboard-write; encrypted-media; gyroscope; picture-in-picture; web-share\" referrerpolicy=\"strict-origin-when-cross-origin\" allowfullscreen><\/iframe>\n<\/div><\/figure>\n\n\n\n<p>Ivanos (rap, urbain)<\/p>\n\n\n\n<figure class=\"wp-block-embed is-type-video is-provider-youtube wp-block-embed-youtube wp-embed-aspect-16-9 wp-has-aspect-ratio\"><div class=\"wp-block-embed__wrapper\">\n<iframe loading=\"lazy\" title=\"Vaudou - Ivanos\" width=\"525\" height=\"295\" src=\"https:\/\/www.youtube.com\/embed\/qeaMynigbD0?feature=oembed\" frameborder=\"0\" allow=\"accelerometer; autoplay; clipboard-write; encrypted-media; gyroscope; picture-in-picture; web-share\" referrerpolicy=\"strict-origin-when-cross-origin\" allowfullscreen><\/iframe>\n<\/div><\/figure>\n\n\n\n<p><\/p>\n\n\n\n<p>Yakusa \u00ab\u00a0Feat\u00a0\u00bb ( rap , drill )<\/p>\n\n\n\n<figure class=\"wp-block-audio\"><audio controls src=\"https:\/\/studiolaberlue.com\/wp-content\/uploads\/2022\/02\/YAKUSA-Feat-extract.mp3\"><\/audio><\/figure>\n\n\n\n<p>Yakusa \u00ab\u00a0Drill Despy\u00a0\u00bb ( rap , drill )<\/p>\n\n\n\n<figure class=\"wp-block-audio\"><audio controls src=\"https:\/\/studiolaberlue.com\/wp-content\/uploads\/2022\/02\/YAKUSA-Drill-Despy-extract.mp3\"><\/audio><\/figure>\n\n\n\n<figure class=\"wp-block-image size-large\"><img loading=\"lazy\" decoding=\"async\" width=\"1024\" height=\"767\" src=\"https:\/\/studiolaberlue.com\/wp-content\/uploads\/2022\/02\/Yakusa-au-studio-La-Berlue-1-1024x767.jpeg\" alt=\"\" class=\"wp-image-444\" srcset=\"https:\/\/studiolaberlue.com\/wp-content\/uploads\/2022\/02\/Yakusa-au-studio-La-Berlue-1-1024x767.jpeg 1024w, https:\/\/studiolaberlue.com\/wp-content\/uploads\/2022\/02\/Yakusa-au-studio-La-Berlue-1-300x225.jpeg 300w, https:\/\/studiolaberlue.com\/wp-content\/uploads\/2022\/02\/Yakusa-au-studio-La-Berlue-1-768x575.jpeg 768w, https:\/\/studiolaberlue.com\/wp-content\/uploads\/2022\/02\/Yakusa-au-studio-La-Berlue-1.jpeg 1440w\" sizes=\"auto, (max-width: 706px) 89vw, (max-width: 767px) 82vw, 740px\" \/><figcaption class=\"wp-element-caption\">Ecoute des mixs avec le team Yakusa<\/figcaption><\/figure>\n\n\n\n<p>RonyBak \u00ab\u00a0Ch\u00e9rie c&rsquo;est comment ?\u00a0\u00bb (Urban music):<\/p>\n\n\n\n<figure class=\"wp-block-audio\"><audio controls src=\"https:\/\/studiolaberlue.com\/wp-content\/uploads\/2022\/02\/ref-RONYBAK-Che\u0301rie-cest-comment.mp3\"><\/audio><\/figure>\n\n\n\n<figure class=\"wp-block-embed is-type-video is-provider-youtube wp-block-embed-youtube wp-embed-aspect-16-9 wp-has-aspect-ratio\"><div class=\"wp-block-embed__wrapper\">\n<iframe loading=\"lazy\" title=\"Les Tortues C\u00e9lestes - Embuscade (Official vid\u00e9o)\" width=\"525\" height=\"295\" src=\"https:\/\/www.youtube.com\/embed\/A2lglCEKXeI?feature=oembed\" frameborder=\"0\" allow=\"accelerometer; autoplay; clipboard-write; encrypted-media; gyroscope; picture-in-picture; web-share\" referrerpolicy=\"strict-origin-when-cross-origin\" allowfullscreen><\/iframe>\n<\/div><\/figure>\n\n\n\n<p>Lou Casa (Chanson fran\u00e7aise)<\/p>\n\n\n\n<figure class=\"wp-block-embed is-type-video is-provider-youtube wp-block-embed-youtube wp-embed-aspect-16-9 wp-has-aspect-ratio\"><div class=\"wp-block-embed__wrapper\">\n<iframe loading=\"lazy\" title=\"Jaur\u00e8s -- LOU CASA\" width=\"525\" height=\"295\" src=\"https:\/\/www.youtube.com\/embed\/-BtGtYEXyog?feature=oembed\" frameborder=\"0\" allow=\"accelerometer; autoplay; clipboard-write; encrypted-media; gyroscope; picture-in-picture; web-share\" referrerpolicy=\"strict-origin-when-cross-origin\" allowfullscreen><\/iframe>\n<\/div><\/figure>\n\n\n\n<p>St\u00e9r\u00e9o Hachures (rock alternatif fran\u00e7ais)<\/p>\n\n\n\n<figure class=\"wp-block-embed is-type-video is-provider-youtube wp-block-embed-youtube wp-embed-aspect-4-3 wp-has-aspect-ratio\"><div class=\"wp-block-embed__wrapper\">\n<iframe loading=\"lazy\" title=\"Imperturbable\" width=\"525\" height=\"394\" src=\"https:\/\/www.youtube.com\/embed\/VwAseoJF0PA?feature=oembed\" frameborder=\"0\" allow=\"accelerometer; autoplay; clipboard-write; encrypted-media; gyroscope; picture-in-picture; web-share\" referrerpolicy=\"strict-origin-when-cross-origin\" allowfullscreen><\/iframe>\n<\/div><\/figure>\n\n\n\n<figure class=\"wp-block-audio\"><audio controls src=\"https:\/\/studiolaberlue.com\/wp-content\/uploads\/2019\/09\/Cest-un-si-extrait.mp3\"><\/audio><figcaption class=\"wp-element-caption\">FLAMENCO, MUSIQUE DU MONDE:     Malinga &#8211; C&rsquo;est un si (extrait)<\/figcaption><\/figure>\n\n\n<div class=\"wp-block-image\">\n<figure class=\"alignright is-resized\"><img loading=\"lazy\" decoding=\"async\" width=\"1024\" height=\"1024\" src=\"https:\/\/studiolaberlue.com\/wp-content\/uploads\/2019\/09\/Malinga-photo-1024x1024.jpg\" alt=\"\" class=\"wp-image-224\" style=\"width:261px;height:261px\" srcset=\"https:\/\/studiolaberlue.com\/wp-content\/uploads\/2019\/09\/Malinga-photo-1024x1024.jpg 1024w, https:\/\/studiolaberlue.com\/wp-content\/uploads\/2019\/09\/Malinga-photo-150x150.jpg 150w, https:\/\/studiolaberlue.com\/wp-content\/uploads\/2019\/09\/Malinga-photo-300x300.jpg 300w, https:\/\/studiolaberlue.com\/wp-content\/uploads\/2019\/09\/Malinga-photo-768x768.jpg 768w, https:\/\/studiolaberlue.com\/wp-content\/uploads\/2019\/09\/Malinga-photo-100x100.jpg 100w, https:\/\/studiolaberlue.com\/wp-content\/uploads\/2019\/09\/Malinga-photo.jpg 2048w\" sizes=\"auto, (max-width: 706px) 89vw, (max-width: 767px) 82vw, 740px\" \/><\/figure>\n<\/div>\n\n\n<p><a href=\"https:\/\/malingamusique.wixsite.com\/malinga\" target=\"_blank\" rel=\"noopener\">https:\/\/malingamusique.wixsite.com\/malinga<\/a><\/p>\n\n\n\n<figure class=\"wp-block-audio\"><audio controls src=\"https:\/\/studiolaberlue.com\/wp-content\/uploads\/2019\/09\/Le-Bon-Pain.mp3\"><\/audio><figcaption class=\"wp-element-caption\">REGGAE:      Les Miettes &#8211; Le Bon Pain<\/figcaption><\/figure>\n\n\n\n<figure class=\"wp-block-audio\"><audio controls src=\"https:\/\/studiolaberlue.com\/wp-content\/uploads\/2019\/09\/Les-petits-bateaux.mp3\"><\/audio><figcaption class=\"wp-element-caption\">CHANSON:    Les Miettes &#8211; Les Petits Bateaux<\/figcaption><\/figure>\n\n\n<div class=\"wp-block-image\">\n<figure class=\"alignleft is-resized\"><img loading=\"lazy\" decoding=\"async\" width=\"1024\" height=\"1024\" src=\"https:\/\/studiolaberlue.com\/wp-content\/uploads\/2019\/09\/logomiette-web-1024x1024.jpg\" alt=\"\" class=\"wp-image-228\" style=\"width:258px;height:258px\" srcset=\"https:\/\/studiolaberlue.com\/wp-content\/uploads\/2019\/09\/logomiette-web-1024x1024.jpg 1024w, https:\/\/studiolaberlue.com\/wp-content\/uploads\/2019\/09\/logomiette-web-150x150.jpg 150w, https:\/\/studiolaberlue.com\/wp-content\/uploads\/2019\/09\/logomiette-web-300x300.jpg 300w, https:\/\/studiolaberlue.com\/wp-content\/uploads\/2019\/09\/logomiette-web-768x768.jpg 768w, https:\/\/studiolaberlue.com\/wp-content\/uploads\/2019\/09\/logomiette-web-100x100.jpg 100w\" sizes=\"auto, (max-width: 706px) 89vw, (max-width: 767px) 82vw, 740px\" \/><\/figure>\n<\/div>\n\n\n<p class=\"has-text-align-right\"><a href=\"http:\/\/lesmiettes.org\/\" target=\"_blank\" rel=\"noopener\">www.lesmiettes.org<\/a><\/p>\n\n\n\n<figure class=\"wp-block-audio\"><audio controls src=\"https:\/\/studiolaberlue.com\/wp-content\/uploads\/2019\/09\/Ste\u0301re\u0301o-Hachures.mp3\"><\/audio><figcaption class=\"wp-element-caption\">ROCK Fran\u00e7ais:   St\u00e9r\u00e9o Hachures &#8211; St\u00e9r\u00e9o Hachures (extrait)<\/figcaption><\/figure>\n\n\n<div class=\"wp-block-image\">\n<figure class=\"alignright is-resized\"><img loading=\"lazy\" decoding=\"async\" width=\"1024\" height=\"1024\" src=\"https:\/\/studiolaberlue.com\/wp-content\/uploads\/2019\/09\/Dust-On-The-Moon-SH-1024x1024.jpg\" alt=\"\" class=\"wp-image-254\" style=\"width:288px;height:288px\" srcset=\"https:\/\/studiolaberlue.com\/wp-content\/uploads\/2019\/09\/Dust-On-The-Moon-SH-1024x1024.jpg 1024w, https:\/\/studiolaberlue.com\/wp-content\/uploads\/2019\/09\/Dust-On-The-Moon-SH-150x150.jpg 150w, https:\/\/studiolaberlue.com\/wp-content\/uploads\/2019\/09\/Dust-On-The-Moon-SH-300x300.jpg 300w, https:\/\/studiolaberlue.com\/wp-content\/uploads\/2019\/09\/Dust-On-The-Moon-SH-768x768.jpg 768w, https:\/\/studiolaberlue.com\/wp-content\/uploads\/2019\/09\/Dust-On-The-Moon-SH-100x100.jpg 100w\" sizes=\"auto, (max-width: 706px) 89vw, (max-width: 767px) 82vw, 740px\" \/><\/figure>\n<\/div>\n\n\n<p>www.stereohachures.com<\/p>\n\n\n\n<figure class=\"wp-block-audio\"><audio controls src=\"https:\/\/studiolaberlue.com\/wp-content\/uploads\/2019\/09\/Mechanical-Music-etrait.mp3\"><\/audio><figcaption class=\"wp-element-caption\">ROCK:     Justin Concept &#8211; Mechanical Music (extrait)<\/figcaption><\/figure>\n\n\n<div class=\"wp-block-image\">\n<figure class=\"alignleft is-resized\"><img loading=\"lazy\" decoding=\"async\" width=\"568\" height=\"568\" src=\"https:\/\/studiolaberlue.com\/wp-content\/uploads\/2019\/09\/Juistin-Concept.png\" alt=\"\" class=\"wp-image-230\" style=\"width:258px;height:258px\" srcset=\"https:\/\/studiolaberlue.com\/wp-content\/uploads\/2019\/09\/Juistin-Concept.png 568w, https:\/\/studiolaberlue.com\/wp-content\/uploads\/2019\/09\/Juistin-Concept-150x150.png 150w, https:\/\/studiolaberlue.com\/wp-content\/uploads\/2019\/09\/Juistin-Concept-300x300.png 300w, https:\/\/studiolaberlue.com\/wp-content\/uploads\/2019\/09\/Juistin-Concept-100x100.png 100w\" sizes=\"auto, (max-width: 568px) 100vw, 568px\" \/><\/figure>\n<\/div>\n\n\n<p class=\"has-text-align-right\"><a href=\"https:\/\/justinconcept.net\/\" target=\"_blank\" rel=\"noopener\">www.justinconcept.net<\/a><\/p>\n\n\n\n<h2 class=\"wp-block-heading\" id=\"exemples-de-prise-de-son\">Exemples de prise de son:<\/h2>\n\n\n\n<figure class=\"wp-block-audio\"><audio controls src=\"https:\/\/studiolaberlue.com\/wp-content\/uploads\/2019\/09\/Elsa-Guiet-Bach-Allemande-extrait.mp3\"><\/audio><figcaption class=\"wp-element-caption\">VIOLONCELLE:    Elsa &#8211; Bach &#8211; Allemande (extrait)<\/figcaption><\/figure>\n\n\n\n<figure class=\"wp-block-audio\"><audio controls src=\"https:\/\/studiolaberlue.com\/wp-content\/uploads\/2019\/09\/Elsa-Guiet-Golondrina-extrait.mp3\"><\/audio><figcaption class=\"wp-element-caption\">VOIX, VIOLONCELLE:    Elsa &#8211; Golondrina (extrait)<\/figcaption><\/figure>\n\n\n\n<h2 class=\"wp-block-heading\" id=\"autres-projets-recents\">Autres projets r\u00e9cents:<\/h2>\n\n\n<p>&nbsp;<\/p>\n<p><a href=\"https:\/\/difymusic.com\/les-miettes\" target=\"_blank\" rel=\"noopener\"><img loading=\"lazy\" decoding=\"async\" class=\"size-medium wp-image-155 alignleft\" src=\"https:\/\/studiolaberlue.com\/wp-content\/uploads\/2018\/09\/La-moindre-des-choses-300x300.jpg\" alt=\"\" width=\"300\" height=\"300\" srcset=\"https:\/\/studiolaberlue.com\/wp-content\/uploads\/2018\/09\/La-moindre-des-choses-300x300.jpg 300w, https:\/\/studiolaberlue.com\/wp-content\/uploads\/2018\/09\/La-moindre-des-choses-150x150.jpg 150w, https:\/\/studiolaberlue.com\/wp-content\/uploads\/2018\/09\/La-moindre-des-choses-768x766.jpg 768w, https:\/\/studiolaberlue.com\/wp-content\/uploads\/2018\/09\/La-moindre-des-choses-100x100.jpg 100w, https:\/\/studiolaberlue.com\/wp-content\/uploads\/2018\/09\/La-moindre-des-choses.jpg 999w\" sizes=\"auto, (max-width: 300px) 100vw, 300px\" \/><\/a>Les Miettes, \u00ab&nbsp;La moindre des choses&nbsp;\u00bb, CD 13 titres.<\/p>\n<p>&nbsp;<\/p>\n<p>&nbsp;<\/p>\n<p>&nbsp;<\/p>\n<p>&nbsp;<\/p>\n<p>&nbsp;<\/p>\n<p>&nbsp;<\/p>\n<p><a href=\"http:\/\/www.gillesbizouerne.com\/\" target=\"_blank\" rel=\"noopener\"><img loading=\"lazy\" decoding=\"async\" class=\"size-medium wp-image-156 alignright\" style=\"line-height: 26.56px;\" src=\"https:\/\/studiolaberlue.com\/wp-content\/uploads\/2018\/09\/labonnehumeurdeloupgris_couverture-300x300.jpg\" alt=\"\" width=\"300\" height=\"300\" srcset=\"https:\/\/studiolaberlue.com\/wp-content\/uploads\/2018\/09\/labonnehumeurdeloupgris_couverture-300x300.jpg 300w, https:\/\/studiolaberlue.com\/wp-content\/uploads\/2018\/09\/labonnehumeurdeloupgris_couverture-150x150.jpg 150w, https:\/\/studiolaberlue.com\/wp-content\/uploads\/2018\/09\/labonnehumeurdeloupgris_couverture-100x100.jpg 100w, https:\/\/studiolaberlue.com\/wp-content\/uploads\/2018\/09\/labonnehumeurdeloupgris_couverture.jpg 600w\" sizes=\"auto, (max-width: 300px) 100vw, 300px\" \/><\/a><\/p>\n<p>Gilles Bizouerne, \u00ab&nbsp;Loup Gris&nbsp;\u00bb, &nbsp;Didier Jeunesse.<\/p>\n<p>&nbsp;<\/p>\n<p>&nbsp;<\/p>\n<p>&nbsp;<\/p>\n<p>&nbsp;<\/p>\n<p>&nbsp;<\/p>\n<p>&nbsp;<\/p>\n<p><a href=\"http:\/\/www.amapolaquartet.com\/\" target=\"_blank\" rel=\"noopener\"><img loading=\"lazy\" decoding=\"async\" class=\"size-medium wp-image-152 alignleft\" style=\"line-height: 26.56px;\" src=\"https:\/\/studiolaberlue.com\/wp-content\/uploads\/2018\/09\/Amapola-300x300.jpg\" alt=\"\" width=\"300\" height=\"300\" srcset=\"https:\/\/studiolaberlue.com\/wp-content\/uploads\/2018\/09\/Amapola-300x300.jpg 300w, https:\/\/studiolaberlue.com\/wp-content\/uploads\/2018\/09\/Amapola-150x150.jpg 150w, https:\/\/studiolaberlue.com\/wp-content\/uploads\/2018\/09\/Amapola-100x100.jpg 100w, https:\/\/studiolaberlue.com\/wp-content\/uploads\/2018\/09\/Amapola.jpg 324w\" sizes=\"auto, (max-width: 300px) 100vw, 300px\" \/><\/a><\/p>\n<p><span style=\"line-height: 26.56px; font-size: 1rem;\">Maria Dolores et Amapola Quartet, EP 5 titres.<\/span><\/p>\n<p>&nbsp;<\/p>\n<p>&nbsp;<\/p>\n<p>&nbsp;<\/p>\n<p>&nbsp;<\/p>\n<p>&nbsp;<\/p>\n<p>&nbsp;<\/p>\n<p><span style=\"line-height: 26.56px; font-size: 1rem;\"><a href=\"http:\/\/lesmiettes.org\/\" target=\"_blank\" rel=\"noopener\"><img loading=\"lazy\" decoding=\"async\" class=\"size-medium wp-image-154 alignright\" src=\"https:\/\/studiolaberlue.com\/wp-content\/uploads\/2018\/09\/Casse-croute-297x300.jpg\" alt=\"\" width=\"297\" height=\"300\" srcset=\"https:\/\/studiolaberlue.com\/wp-content\/uploads\/2018\/09\/Casse-croute-297x300.jpg 297w, https:\/\/studiolaberlue.com\/wp-content\/uploads\/2018\/09\/Casse-croute-768x775.jpg 768w, https:\/\/studiolaberlue.com\/wp-content\/uploads\/2018\/09\/Casse-croute-100x100.jpg 100w, https:\/\/studiolaberlue.com\/wp-content\/uploads\/2018\/09\/Casse-croute.jpg 983w\" sizes=\"auto, (max-width: 297px) 100vw, 297px\" \/><\/a>Les Miettes, \u00ab Casse-cro\u00fbte \u00bb, EP 4 titres.<\/span><\/p>\n<p>&nbsp;<\/p>\n<p>&nbsp;<\/p>\n<p>&nbsp;<\/p>\n<p>&nbsp;<\/p>\n<p>&nbsp;<\/p>\n<p>&nbsp;<\/p>\n<p><img loading=\"lazy\" decoding=\"async\" class=\"size-medium wp-image-153 alignleft\" src=\"https:\/\/studiolaberlue.com\/wp-content\/uploads\/2018\/09\/Ca-sent-la-chair-300x300.jpg\" alt=\"\" width=\"300\" height=\"300\" srcset=\"https:\/\/studiolaberlue.com\/wp-content\/uploads\/2018\/09\/Ca-sent-la-chair-300x300.jpg 300w, https:\/\/studiolaberlue.com\/wp-content\/uploads\/2018\/09\/Ca-sent-la-chair-150x150.jpg 150w, https:\/\/studiolaberlue.com\/wp-content\/uploads\/2018\/09\/Ca-sent-la-chair-100x100.jpg 100w, https:\/\/studiolaberlue.com\/wp-content\/uploads\/2018\/09\/Ca-sent-la-chair.jpg 600w\" sizes=\"auto, (max-width: 300px) 100vw, 300px\" \/><\/p>\n<p>Gilles Bizouerne, \u00ab&nbsp;\u00c7a sent la chair fra\u00eeche&nbsp;\u00bb<\/p>\n<p>&nbsp;<\/p>\n<p>&nbsp;<\/p>\n<p>&nbsp;<\/p>\n<p>&nbsp;<\/p>\n<p>&nbsp;<\/p>\n<p>&nbsp;<\/p>\n<p>Auguri EP, LSP Quintet EP, Lum\u00e9 EP<\/p>\n\n\n<p><\/p>\n","protected":false},"excerpt":{"rendered":"<p>Nelson B. le Bronx (Folk, Blues de Montreuil)Album \u00ab\u00a0Bad Mojo\u00a0\u00bb disponible St\u00e9phane Deraddi (Chanson)Album \u00ab\u00a0Toujours \u00e0 Gauche\u00a0\u00bb disponible. Ensemble Dod\u00e9Ka (musique classique )Enregistrement studio et Live: Ivanos (rap, urbain) Yakusa \u00ab\u00a0Feat\u00a0\u00bb ( rap , drill ) Yakusa \u00ab\u00a0Drill Despy\u00a0\u00bb ( rap , drill ) RonyBak \u00ab\u00a0Ch\u00e9rie c&rsquo;est comment ?\u00a0\u00bb (Urban music): Lou Casa (Chanson fran\u00e7aise) &hellip; <\/p>\n<p class=\"link-more\"><a href=\"https:\/\/studiolaberlue.com\/index.php\/references\/\" class=\"more-link\">Continuer la lecture<span class=\"screen-reader-text\"> de &laquo;&nbsp;REFERENCES&nbsp;&raquo;<\/span><\/a><\/p>\n","protected":false},"author":1,"featured_media":0,"parent":0,"menu_order":0,"comment_status":"closed","ping_status":"closed","template":"","meta":{"ngg_post_thumbnail":0,"footnotes":""},"class_list":["post-22","page","type-page","status-publish","hentry"],"_links":{"self":[{"href":"https:\/\/studiolaberlue.com\/index.php\/wp-json\/wp\/v2\/pages\/22","targetHints":{"allow":["GET"]}}],"collection":[{"href":"https:\/\/studiolaberlue.com\/index.php\/wp-json\/wp\/v2\/pages"}],"about":[{"href":"https:\/\/studiolaberlue.com\/index.php\/wp-json\/wp\/v2\/types\/page"}],"author":[{"embeddable":true,"href":"https:\/\/studiolaberlue.com\/index.php\/wp-json\/wp\/v2\/users\/1"}],"replies":[{"embeddable":true,"href":"https:\/\/studiolaberlue.com\/index.php\/wp-json\/wp\/v2\/comments?post=22"}],"version-history":[{"count":15,"href":"https:\/\/studiolaberlue.com\/index.php\/wp-json\/wp\/v2\/pages\/22\/revisions"}],"predecessor-version":[{"id":616,"href":"https:\/\/studiolaberlue.com\/index.php\/wp-json\/wp\/v2\/pages\/22\/revisions\/616"}],"wp:attachment":[{"href":"https:\/\/studiolaberlue.com\/index.php\/wp-json\/wp\/v2\/media?parent=22"}],"curies":[{"name":"wp","href":"https:\/\/api.w.org\/{rel}","templated":true}]}}